{"id":566,"date":"2021-02-05T12:24:24","date_gmt":"2021-02-05T12:24:24","guid":{"rendered":"http:\/\/renovepro.com.ar\/?post_type=product&#038;p=566"},"modified":"2025-10-28T19:51:11","modified_gmt":"2025-10-28T19:51:11","slug":"nombre-67","status":"publish","type":"product","link":"https:\/\/renovepro.com.ar\/index.php\/product\/nombre-67\/","title":{"rendered":"INMERSION NUTRITIVE &#8211; KERAMINE ACONDICIONADOR &#8211; BELIERES"},"content":{"rendered":"<p><strong>INMERSION NUTRITIVE &#8211; KERAMINE ACONDICIONADOR &#8211; BELIERES<br \/>\n<\/strong><\/p>\n<p>El Acondicionador Inmersi\u00f3n Nutritive con extracto de oliva y keratina nutre e hidrata el cabello, aport\u00e1ndole brillo y vitalidad. Especialmente para cabellos deshidratados y da\u00f1ados.<\/p>\n<p><strong>MODO DE USO <\/strong>Aplicar en cabello h\u00famedo luego de haberlo lavado, masajear suavemente durante 3 minutos y luego enjuagar.<\/p>\n<p><strong>CON<\/strong><strong>T. NETO:<\/strong> 300ml.<\/p>\n<p><strong>MEDIOS DE PAGO:<\/strong>\u00a0Pago por transferencia (Alias RENOVEPRO) &#8211; Mercado Pago &#8211; Tarjetas de cr\u00e9dito (Visa &#8211; MasterCard &#8211; American Express &#8211; Naranja &#8211; Banco Rioja) &#8211; Tarjetas de Debito (Cabal &#8211; Maestro &#8211; Visa &#8211; Banco Rioja) &#8211; GO Cuotas<\/p>\n<p><span class=\"text-accent\"><span class=\"x19la9d6 x1fc57z9 x6ikm8r x10wlt62 x19co3pv x1g5zs5t xfibh0p xiy17q3 x1xsqp64 x1lkfr7t xexx8yu x4uap5 x18d9i69 xkhd6sd\"><span class=\"xrtxmta x1bhl96m\">\ud83d\ude9b\u00a0<\/span><\/span><strong>ENVIO GRATIS<\/strong><\/span>\u00a0en la provincia de La Rioja,\u00a0<span class=\"js-shipping-minimum-label\">superando\u00a0<\/span><span class=\"js-shipping-minimum-label\">los $150.000,00. El envi\u00f3 para otras provincias ser\u00e1 por correo argentino o por transporte a convenir, a cargo del comprador.<\/span><\/p>\n","protected":false},"excerpt":{"rendered":"<p>INMERSION NUTRITIVE &#8211; KERAMINE ACONDICIONADOR &#8211; BELIERES El Acondicionador Inmersi\u00f3n Nutritive con extracto de oliva y keratina nutre e hidrata el cabello, aport\u00e1ndole brillo y vitalidad. Especialmente para cabellos deshidratados y da\u00f1ados.<a class=\"moretag\" href=\"https:\/\/renovepro.com.ar\/index.php\/product\/nombre-67\/\">Read More&#8230;<\/a><\/p>\n","protected":false},"featured_media":3733,"comment_status":"open","ping_status":"closed","template":"","meta":[],"product_brand":[],"product_cat":[60],"product_tag":[113],"class_list":{"0":"post-566","1":"product","2":"type-product","3":"status-publish","4":"has-post-thumbnail","6":"product_cat-shampoo-acondicionador","7":"product_tag-n209","9":"first","10":"instock","11":"sale","12":"shipping-taxable","13":"purchasable","14":"product-type-simple"},"jetpack_sharing_enabled":true,"_links":{"self":[{"href":"https:\/\/renovepro.com.ar\/index.php\/wp-json\/wp\/v2\/product\/566","targetHints":{"allow":["GET"]}}],"collection":[{"href":"https:\/\/renovepro.com.ar\/index.php\/wp-json\/wp\/v2\/product"}],"about":[{"href":"https:\/\/renovepro.com.ar\/index.php\/wp-json\/wp\/v2\/types\/product"}],"replies":[{"embeddable":true,"href":"https:\/\/renovepro.com.ar\/index.php\/wp-json\/wp\/v2\/comments?post=566"}],"wp:featuredmedia":[{"embeddable":true,"href":"https:\/\/renovepro.com.ar\/index.php\/wp-json\/wp\/v2\/media\/3733"}],"wp:attachment":[{"href":"https:\/\/renovepro.com.ar\/index.php\/wp-json\/wp\/v2\/media?parent=566"}],"wp:term":[{"taxonomy":"product_brand","embeddable":true,"href":"https:\/\/renovepro.com.ar\/index.php\/wp-json\/wp\/v2\/product_brand?post=566"},{"taxonomy":"product_cat","embeddable":true,"href":"https:\/\/renovepro.com.ar\/index.php\/wp-json\/wp\/v2\/product_cat?post=566"},{"taxonomy":"product_tag","embeddable":true,"href":"https:\/\/renovepro.com.ar\/index.php\/wp-json\/wp\/v2\/product_tag?post=566"}],"curies":[{"name":"wp","href":"https:\/\/api.w.org\/{rel}","templated":true}]}}