{"id":4964,"date":"2026-04-16T23:32:47","date_gmt":"2026-04-16T23:32:47","guid":{"rendered":"https:\/\/renovepro.com.ar\/?post_type=product&#038;p=4964"},"modified":"2026-04-16T23:32:47","modified_gmt":"2026-04-16T23:32:47","slug":"crema-de-peinar-lacios-frilayp","status":"publish","type":"product","link":"https:\/\/renovepro.com.ar\/index.php\/product\/crema-de-peinar-lacios-frilayp\/","title":{"rendered":"CREMA DE PEINAR LACIOS &#8211; FRILAYP"},"content":{"rendered":"<p><strong>CREMA DE PEINAR LACIOS &#8211; FRILAYP<\/strong><\/p>\n<p>Es un tratamiento anti-age que combate y retarda el envejecimiento capilar. Ayuda a prolongar el efecto logrado mediante tratamientos de alisado progresivo o planchas t\u00e9rmicas. Cabellos lacios, controlados y manejables por m\u00e1s tiempo. Contiene carmelia japonesa y biotina. Devuelve la vitalidad perdida otorgando brillo, suavidad e hidrataci\u00f3n. Posee filtro UV que lo protege de los rayos ultravioleta.<\/p>\n<p><strong>MODO DE USO<\/strong>: Aplicar\u00a0la cantidad necesaria sobre el\u00a0cabello h\u00famedo. Masajear esparciendo el producto por\u00a0 toda\u00a0 la\u00a0 cabellera y proceder al peinado. No enjuagar. Dejar secar naturalmente o con secador de cabello.<\/p>\n<p><strong>CONT. NETO:<\/strong> 200ml.<\/p>\n<div class=\"modo_empleo\">\n<div><strong>MEDIOS DE PAGO:<\/strong> Pago por transferencia (Alias RENOVEPRO) &#8211; Mercado Pago &#8211; Tarjetas de cr\u00e9dito (Visa &#8211; MasterCard &#8211; American Express &#8211; Naranja &#8211; Banco Rioja) &#8211; Tarjetas de Debito (Cabal &#8211; Maestro &#8211; Visa &#8211; Banco Rioja) &#8211; GO Cuotas<\/div>\n<div><\/div>\n<\/div>\n<p><span class=\"text-accent\"><span class=\"x19la9d6 x1fc57z9 x6ikm8r x10wlt62 x19co3pv x1g5zs5t xfibh0p xiy17q3 x1xsqp64 x1lkfr7t xexx8yu x4uap5 x18d9i69 xkhd6sd\"><span class=\"xrtxmta x1bhl96m\">\ud83d\ude9b <\/span><\/span><strong>ENVIO GRATIS<\/strong><\/span>\u00a0en la provincia de La Rioja, <span class=\"js-shipping-minimum-label\">superando <\/span><span class=\"js-shipping-minimum-label\">los $150.000,00. El envi\u00f3 para otras provincias ser\u00e1 por correo argentino o por transporte a convenir, a cargo del comprador.<\/span><\/p>\n<p>&nbsp;<\/p>\n","protected":false},"excerpt":{"rendered":"<p>CREMA DE PEINAR LACIOS &#8211; FRILAYP Es un tratamiento anti-age que combate y retarda el envejecimiento capilar. Ayuda a prolongar el efecto logrado mediante tratamientos de alisado progresivo o planchas t\u00e9rmicas. Cabellos<a class=\"moretag\" href=\"https:\/\/renovepro.com.ar\/index.php\/product\/crema-de-peinar-lacios-frilayp\/\">Read More&#8230;<\/a><\/p>\n","protected":false},"featured_media":4965,"comment_status":"closed","ping_status":"closed","template":"","meta":[],"product_brand":[],"product_cat":[69],"product_tag":[],"class_list":{"0":"post-4964","1":"product","2":"type-product","3":"status-publish","4":"has-post-thumbnail","6":"product_cat-modelado-peinado","8":"first","9":"instock","10":"sale","11":"shipping-taxable","12":"purchasable","13":"product-type-simple"},"jetpack_sharing_enabled":true,"_links":{"self":[{"href":"https:\/\/renovepro.com.ar\/index.php\/wp-json\/wp\/v2\/product\/4964","targetHints":{"allow":["GET"]}}],"collection":[{"href":"https:\/\/renovepro.com.ar\/index.php\/wp-json\/wp\/v2\/product"}],"about":[{"href":"https:\/\/renovepro.com.ar\/index.php\/wp-json\/wp\/v2\/types\/product"}],"replies":[{"embeddable":true,"href":"https:\/\/renovepro.com.ar\/index.php\/wp-json\/wp\/v2\/comments?post=4964"}],"wp:featuredmedia":[{"embeddable":true,"href":"https:\/\/renovepro.com.ar\/index.php\/wp-json\/wp\/v2\/media\/4965"}],"wp:attachment":[{"href":"https:\/\/renovepro.com.ar\/index.php\/wp-json\/wp\/v2\/media?parent=4964"}],"wp:term":[{"taxonomy":"product_brand","embeddable":true,"href":"https:\/\/renovepro.com.ar\/index.php\/wp-json\/wp\/v2\/product_brand?post=4964"},{"taxonomy":"product_cat","embeddable":true,"href":"https:\/\/renovepro.com.ar\/index.php\/wp-json\/wp\/v2\/product_cat?post=4964"},{"taxonomy":"product_tag","embeddable":true,"href":"https:\/\/renovepro.com.ar\/index.php\/wp-json\/wp\/v2\/product_tag?post=4964"}],"curies":[{"name":"wp","href":"https:\/\/api.w.org\/{rel}","templated":true}]}}