{"id":4004,"date":"2024-11-20T15:04:31","date_gmt":"2024-11-20T15:04:31","guid":{"rendered":"https:\/\/renovepro.com.ar\/?post_type=product&#038;p=4004"},"modified":"2026-01-12T23:57:47","modified_gmt":"2026-01-12T23:57:47","slug":"mascara-capilar-macadamia-caviar-active-mav-profesional-2","status":"publish","type":"product","link":"https:\/\/renovepro.com.ar\/index.php\/product\/mascara-capilar-macadamia-caviar-active-mav-profesional-2\/","title":{"rendered":"MASCARA CAPILAR MACADAMIA &#038; CAVIAR ACTIVE &#8211; MAV PROFESIONAL\u00a0"},"content":{"rendered":"<p><strong>MASCARA CAPILAR MACADAMIA &amp; CAVIAR ACTIVE &#8211; MAV PROFESIONAL\u00a0<\/strong><\/p>\n<p>Tratamiento Capilar que hidrata y repara de manera profunda el cabello dej\u00e1ndolo suave y brillante. El extracto de caviar act\u00faa como agente anti-age devolvi\u00e9ndole la vitalidad y la fuerza de ra\u00edz a puntas. Contiene filtros solares que alargan la vida del color.<\/p>\n<p><strong>MODO DE USO:<\/strong>\u00a0Aplicar sobre el cabello h\u00famedo y limpio. Esparcir y masajear suavemente. Dejar actuar 15 minutos y luego enjuagar. Se recomienda utilizar\u00a0<strong>SHAMPOO MACADAMIA &amp; CAVIAR.<\/strong><\/p>\n<p><strong>ADVERTENCIAS:<\/strong>\u00a0Evite el contacto con los ojos, si esto ocurre enjuagar con abundante agua fr\u00eda. Producto de uso externo. Mantener fuera del alcance de los ni\u00f1os. Ante signos de irritaci\u00f3n suspenda su uso y visite a su m\u00e9dico.<\/p>\n<p><strong>CONT. NETO:<\/strong>\u00a0250g.<\/p>\n<p><strong>MEDIOS DE PAGO:<\/strong> Pago por transferencia (Alias RENOVEPRO) &#8211; Mercado Pago &#8211; Tarjetas de cr\u00e9dito (Visa &#8211; MasterCard &#8211; American Express &#8211; Naranja &#8211; Banco Rioja) &#8211; Tarjetas de Debito (Cabal &#8211; Maestro &#8211; Visa &#8211; Banco Rioja) &#8211; GO Cuotas<\/p>\n<p><span class=\"text-accent\"><span class=\"x19la9d6 x1fc57z9 x6ikm8r x10wlt62 x19co3pv x1g5zs5t xfibh0p xiy17q3 x1xsqp64 x1lkfr7t xexx8yu x4uap5 x18d9i69 xkhd6sd\"><span class=\"xrtxmta x1bhl96m\">\ud83d\ude9b <\/span><\/span><strong>ENVIO GRATIS<\/strong><\/span>\u00a0en la provincia de La Rioja, <span class=\"js-shipping-minimum-label\">superando <\/span><span class=\"js-shipping-minimum-label\">los $150.000,00. El envi\u00f3 para otras provincias ser\u00e1 por correo argentino o por transporte a convenir, a cargo del comprador.<\/span><\/p>\n","protected":false},"excerpt":{"rendered":"<p>MASCARA CAPILAR MACADAMIA &amp; CAVIAR ACTIVE &#8211; MAV PROFESIONAL\u00a0 Tratamiento Capilar que hidrata y repara de manera profunda el cabello dej\u00e1ndolo suave y brillante. El extracto de caviar act\u00faa como agente anti-age<a class=\"moretag\" href=\"https:\/\/renovepro.com.ar\/index.php\/product\/mascara-capilar-macadamia-caviar-active-mav-profesional-2\/\">Read More&#8230;<\/a><\/p>\n","protected":false},"featured_media":4005,"comment_status":"closed","ping_status":"closed","template":"","meta":[],"product_brand":[],"product_cat":[58,243],"product_tag":[],"class_list":{"0":"post-4004","1":"product","2":"type-product","3":"status-publish","4":"has-post-thumbnail","6":"product_cat-mascaras-capilares","7":"product_cat-tratamiento-capilar-restaurador","9":"first","10":"instock","11":"sale","12":"shipping-taxable","13":"purchasable","14":"product-type-simple"},"jetpack_sharing_enabled":true,"_links":{"self":[{"href":"https:\/\/renovepro.com.ar\/index.php\/wp-json\/wp\/v2\/product\/4004","targetHints":{"allow":["GET"]}}],"collection":[{"href":"https:\/\/renovepro.com.ar\/index.php\/wp-json\/wp\/v2\/product"}],"about":[{"href":"https:\/\/renovepro.com.ar\/index.php\/wp-json\/wp\/v2\/types\/product"}],"replies":[{"embeddable":true,"href":"https:\/\/renovepro.com.ar\/index.php\/wp-json\/wp\/v2\/comments?post=4004"}],"wp:featuredmedia":[{"embeddable":true,"href":"https:\/\/renovepro.com.ar\/index.php\/wp-json\/wp\/v2\/media\/4005"}],"wp:attachment":[{"href":"https:\/\/renovepro.com.ar\/index.php\/wp-json\/wp\/v2\/media?parent=4004"}],"wp:term":[{"taxonomy":"product_brand","embeddable":true,"href":"https:\/\/renovepro.com.ar\/index.php\/wp-json\/wp\/v2\/product_brand?post=4004"},{"taxonomy":"product_cat","embeddable":true,"href":"https:\/\/renovepro.com.ar\/index.php\/wp-json\/wp\/v2\/product_cat?post=4004"},{"taxonomy":"product_tag","embeddable":true,"href":"https:\/\/renovepro.com.ar\/index.php\/wp-json\/wp\/v2\/product_tag?post=4004"}],"curies":[{"name":"wp","href":"https:\/\/api.w.org\/{rel}","templated":true}]}}