{"id":3873,"date":"2024-09-09T17:18:28","date_gmt":"2024-09-09T17:18:28","guid":{"rendered":"https:\/\/renovepro.com.ar\/?post_type=product&#038;p=3873"},"modified":"2025-10-26T00:05:13","modified_gmt":"2025-10-26T00:05:13","slug":"3873","status":"publish","type":"product","link":"https:\/\/renovepro.com.ar\/index.php\/product\/3873\/","title":{"rendered":"AMPOLLA CAPILAR RESISTANCE SHOCK &#8211; COALIX"},"content":{"rendered":"<p><strong>AMPOLLA CAPILAR RESISTANCE SHOCK &#8211; COALIX<\/strong><\/p>\n<p>La Ampolla Resistance Shock Coalix Pro para Cabellos Sensibilizados contiene Guaran\u00e1 y Te Verde. Act\u00faa reforzando el cemento intercelular. Mediante su acci\u00f3n reparadora nutre el cabello en profundidad y lo protege de acciones externas. Dejando la cabellera suave, brillante y f\u00e1cil de peinar.<\/p>\n<p><strong>MODO DE USO: <\/strong>Despu\u00e9s de lavar el Cabello con Shampoo Genero Brillo Resistente Coalix Pro quitar excedente de agua, dosificar en semilargos y puntas mecha a mecha y dejar actuar de 5 a 8 minutos. Peinar, enjuagar abundantemente y continuar con el trabajo previsto<\/p>\n<p><strong>SIN PARABENOS\u00a0<\/strong><\/p>\n<p>\ud83c\udf31 Apto Vegano<\/p>\n<p>\u270b Sin T.A.C.C<\/p>\n<p>\ud83d\udc30 Sin Crueldad Animal<\/p>\n<p><strong>CONT. NETO:<\/strong>\u00a015ml.<\/p>\n<p><strong>MEDIOS DE PAGO:<\/strong> Pago por transferencia (Alias RENOVEPRO) &#8211; Mercado Pago &#8211; Tarjetas de cr\u00e9dito (Visa &#8211; MasterCard &#8211; American Express &#8211; Naranja &#8211; Banco Rioja) &#8211; Tarjetas de Debito (Cabal &#8211; Maestro &#8211; Visa &#8211; Banco Rioja) &#8211; GO Cuotas<\/p>\n<p><span class=\"text-accent\"><span class=\"x19la9d6 x1fc57z9 x6ikm8r x10wlt62 x19co3pv x1g5zs5t xfibh0p xiy17q3 x1xsqp64 x1lkfr7t xexx8yu x4uap5 x18d9i69 xkhd6sd\"><span class=\"xrtxmta x1bhl96m\">\ud83d\ude9b <\/span><\/span><strong>ENVIO GRATIS<\/strong><\/span>\u00a0en la provincia de La Rioja, <span class=\"js-shipping-minimum-label\">superando <\/span><span class=\"js-shipping-minimum-label\">los $150.000,00. El envi\u00f3 para otras provincias ser\u00e1 por correo argentino o por transporte a convenir, a cargo del comprador.<\/span><\/p>\n<p>&nbsp;<\/p>\n","protected":false},"excerpt":{"rendered":"<p>AMPOLLA CAPILAR RESISTANCE SHOCK &#8211; COALIX La Ampolla Resistance Shock Coalix Pro para Cabellos Sensibilizados contiene Guaran\u00e1 y Te Verde. Act\u00faa reforzando el cemento intercelular. Mediante su acci\u00f3n reparadora nutre el cabello<a class=\"moretag\" href=\"https:\/\/renovepro.com.ar\/index.php\/product\/3873\/\">Read More&#8230;<\/a><\/p>\n","protected":false},"featured_media":3874,"comment_status":"closed","ping_status":"closed","template":"","meta":[],"product_brand":[],"product_cat":[68],"product_tag":[],"class_list":{"0":"post-3873","1":"product","2":"type-product","3":"status-publish","4":"has-post-thumbnail","6":"product_cat-ampollas-capilares","8":"first","9":"instock","10":"sale","11":"shipping-taxable","12":"purchasable","13":"product-type-simple"},"jetpack_sharing_enabled":true,"_links":{"self":[{"href":"https:\/\/renovepro.com.ar\/index.php\/wp-json\/wp\/v2\/product\/3873","targetHints":{"allow":["GET"]}}],"collection":[{"href":"https:\/\/renovepro.com.ar\/index.php\/wp-json\/wp\/v2\/product"}],"about":[{"href":"https:\/\/renovepro.com.ar\/index.php\/wp-json\/wp\/v2\/types\/product"}],"replies":[{"embeddable":true,"href":"https:\/\/renovepro.com.ar\/index.php\/wp-json\/wp\/v2\/comments?post=3873"}],"wp:featuredmedia":[{"embeddable":true,"href":"https:\/\/renovepro.com.ar\/index.php\/wp-json\/wp\/v2\/media\/3874"}],"wp:attachment":[{"href":"https:\/\/renovepro.com.ar\/index.php\/wp-json\/wp\/v2\/media?parent=3873"}],"wp:term":[{"taxonomy":"product_brand","embeddable":true,"href":"https:\/\/renovepro.com.ar\/index.php\/wp-json\/wp\/v2\/product_brand?post=3873"},{"taxonomy":"product_cat","embeddable":true,"href":"https:\/\/renovepro.com.ar\/index.php\/wp-json\/wp\/v2\/product_cat?post=3873"},{"taxonomy":"product_tag","embeddable":true,"href":"https:\/\/renovepro.com.ar\/index.php\/wp-json\/wp\/v2\/product_tag?post=3873"}],"curies":[{"name":"wp","href":"https:\/\/api.w.org\/{rel}","templated":true}]}}