{"id":3483,"date":"2024-02-29T22:16:02","date_gmt":"2024-02-29T22:16:02","guid":{"rendered":"https:\/\/renovepro.com.ar\/?post_type=product&#038;p=3483"},"modified":"2026-02-10T16:06:45","modified_gmt":"2026-02-10T16:06:45","slug":"mascara-kill-frizz-fidelite","status":"publish","type":"product","link":"https:\/\/renovepro.com.ar\/index.php\/product\/mascara-kill-frizz-fidelite\/","title":{"rendered":"MASCARA CAPILAR KILL FRIZZ &#8211; FIDELITE"},"content":{"rendered":"<p><strong>MASCARA CAPILAR KILL FRIZZ &#8211; FIDELITE<\/strong><\/p>\n<p>Mascara Capilar ultra hidratante. Aporta nutrici\u00f3n y luminosidad. Repara la cut\u00edcula da\u00f1ada desde la primera aplicaci\u00f3n. Absoluto control del frizz ayudando a disciplinar cada fibra capilar<\/p>\n<p><strong>MODO DE USO<\/strong>: Aplicar una generosa cantidad sobre la palma de la mano y distribuir sobre el cabello mojado. Dejar actuar no menos de 5 minutos y enjuagar con abundante agua. Frecuencia de uso recomendada: de 2 a 3 veces por semana.<\/p>\n<p><strong>CONT. NETO:<\/strong>\u00a0250g.<\/p>\n<p><strong>MEDIOS DE PAGO:<\/strong> Pago por transferencia (Alias RENOVEPRO) &#8211; Mercado Pago &#8211; Tarjetas de cr\u00e9dito (Visa &#8211; MasterCard &#8211; American Express &#8211; Naranja &#8211; Banco Rioja) &#8211; Tarjetas de Debito (Cabal &#8211; Maestro &#8211; Visa &#8211; Banco Rioja) &#8211; GO Cuotas<\/p>\n<p><span class=\"text-accent\"><span class=\"x19la9d6 x1fc57z9 x6ikm8r x10wlt62 x19co3pv x1g5zs5t xfibh0p xiy17q3 x1xsqp64 x1lkfr7t xexx8yu x4uap5 x18d9i69 xkhd6sd\"><span class=\"xrtxmta x1bhl96m\">\ud83d\ude9b <\/span><\/span><strong>ENVIO GRATIS<\/strong><\/span>\u00a0en la provincia de La Rioja, <span class=\"js-shipping-minimum-label\">superando <\/span><span class=\"js-shipping-minimum-label\">los $150.000,00. El envi\u00f3 para otras provincias ser\u00e1 por correo argentino o por transporte a convenir, a cargo del comprador.<\/span><\/p>\n","protected":false},"excerpt":{"rendered":"<p>MASCARA CAPILAR KILL FRIZZ &#8211; FIDELITE Mascara Capilar ultra hidratante. Aporta nutrici\u00f3n y luminosidad. Repara la cut\u00edcula da\u00f1ada desde la primera aplicaci\u00f3n. Absoluto control del frizz ayudando a disciplinar cada fibra capilar<a class=\"moretag\" href=\"https:\/\/renovepro.com.ar\/index.php\/product\/mascara-kill-frizz-fidelite\/\">Read More&#8230;<\/a><\/p>\n","protected":false},"featured_media":3484,"comment_status":"open","ping_status":"closed","template":"","meta":[],"product_brand":[],"product_cat":[58,242],"product_tag":[],"class_list":{"0":"post-3483","1":"product","2":"type-product","3":"status-publish","4":"has-post-thumbnail","6":"product_cat-mascaras-capilares","7":"product_cat-tratamiento-capilares-antifrizz","9":"first","10":"instock","11":"sale","12":"shipping-taxable","13":"purchasable","14":"product-type-simple"},"jetpack_sharing_enabled":true,"_links":{"self":[{"href":"https:\/\/renovepro.com.ar\/index.php\/wp-json\/wp\/v2\/product\/3483","targetHints":{"allow":["GET"]}}],"collection":[{"href":"https:\/\/renovepro.com.ar\/index.php\/wp-json\/wp\/v2\/product"}],"about":[{"href":"https:\/\/renovepro.com.ar\/index.php\/wp-json\/wp\/v2\/types\/product"}],"replies":[{"embeddable":true,"href":"https:\/\/renovepro.com.ar\/index.php\/wp-json\/wp\/v2\/comments?post=3483"}],"wp:featuredmedia":[{"embeddable":true,"href":"https:\/\/renovepro.com.ar\/index.php\/wp-json\/wp\/v2\/media\/3484"}],"wp:attachment":[{"href":"https:\/\/renovepro.com.ar\/index.php\/wp-json\/wp\/v2\/media?parent=3483"}],"wp:term":[{"taxonomy":"product_brand","embeddable":true,"href":"https:\/\/renovepro.com.ar\/index.php\/wp-json\/wp\/v2\/product_brand?post=3483"},{"taxonomy":"product_cat","embeddable":true,"href":"https:\/\/renovepro.com.ar\/index.php\/wp-json\/wp\/v2\/product_cat?post=3483"},{"taxonomy":"product_tag","embeddable":true,"href":"https:\/\/renovepro.com.ar\/index.php\/wp-json\/wp\/v2\/product_tag?post=3483"}],"curies":[{"name":"wp","href":"https:\/\/api.w.org\/{rel}","templated":true}]}}