{"id":2848,"date":"2023-01-14T15:43:13","date_gmt":"2023-01-14T15:43:13","guid":{"rendered":"http:\/\/renovepro.com.ar\/?post_type=product&#038;p=2848"},"modified":"2025-12-22T23:35:11","modified_gmt":"2025-12-22T23:35:11","slug":"crema-control-de-rulos-mas-belleza","status":"publish","type":"product","link":"https:\/\/renovepro.com.ar\/index.php\/product\/crema-control-de-rulos-mas-belleza\/","title":{"rendered":"CREMA DE RULOS &#8211; CEFALU"},"content":{"rendered":"<p><strong>CREMA DE RULOS &#8211; CEFALU<\/strong><\/p>\n<p>Ha sido dise\u00f1ado para mantener la estructura de los cabellos ondulados. Lograras control y definici\u00f3n en tus peinados. Aporta hidrataci\u00f3n, brillo y nutrici\u00f3n.<\/p>\n<p><strong>MODO DE USO: <\/strong>Colocar una peque\u00f1a cantidad del producto en el cabello seco o h\u00famedo. No enjuagar. Peinar de manera habitual. Puede utilizarse diariamente.<\/p>\n<p><strong>CONT. NETO:<\/strong> 250g.<\/p>\n<p><strong>MEDIOS DE PAGO:<\/strong> Pago por transferencia (Alias RENOVEPRO) &#8211; Mercado Pago &#8211; Tarjetas de cr\u00e9dito (Visa &#8211; MasterCard &#8211; American Express &#8211; Naranja &#8211; Banco Rioja) &#8211; Tarjetas de Debito (Cabal &#8211; Maestro &#8211; Visa &#8211; Banco Rioja) &#8211; GO Cuotas<\/p>\n<p><span class=\"text-accent\"><span class=\"x19la9d6 x1fc57z9 x6ikm8r x10wlt62 x19co3pv x1g5zs5t xfibh0p xiy17q3 x1xsqp64 x1lkfr7t xexx8yu x4uap5 x18d9i69 xkhd6sd\"><span class=\"xrtxmta x1bhl96m\">\ud83d\ude9b <\/span><\/span><strong>ENVIO GRATIS<\/strong><\/span>\u00a0en la provincia de La Rioja, <span class=\"js-shipping-minimum-label\">superando <\/span><span class=\"js-shipping-minimum-label\">los $150.000,00. El envi\u00f3 para otras provincias ser\u00e1 por correo argentino o por transporte a convenir, a cargo del comprador.<\/span><\/p>\n","protected":false},"excerpt":{"rendered":"<p>CREMA DE RULOS &#8211; CEFALU Ha sido dise\u00f1ado para mantener la estructura de los cabellos ondulados. Lograras control y definici\u00f3n en tus peinados. Aporta hidrataci\u00f3n, brillo y nutrici\u00f3n. MODO DE USO: Colocar<a class=\"moretag\" href=\"https:\/\/renovepro.com.ar\/index.php\/product\/crema-control-de-rulos-mas-belleza\/\">Read More&#8230;<\/a><\/p>\n","protected":false},"featured_media":4757,"comment_status":"open","ping_status":"closed","template":"","meta":[],"product_brand":[],"product_cat":[69],"product_tag":[],"class_list":{"0":"post-2848","1":"product","2":"type-product","3":"status-publish","4":"has-post-thumbnail","6":"product_cat-modelado-peinado","8":"first","9":"instock","10":"sale","11":"shipping-taxable","12":"purchasable","13":"product-type-simple"},"jetpack_sharing_enabled":true,"_links":{"self":[{"href":"https:\/\/renovepro.com.ar\/index.php\/wp-json\/wp\/v2\/product\/2848","targetHints":{"allow":["GET"]}}],"collection":[{"href":"https:\/\/renovepro.com.ar\/index.php\/wp-json\/wp\/v2\/product"}],"about":[{"href":"https:\/\/renovepro.com.ar\/index.php\/wp-json\/wp\/v2\/types\/product"}],"replies":[{"embeddable":true,"href":"https:\/\/renovepro.com.ar\/index.php\/wp-json\/wp\/v2\/comments?post=2848"}],"wp:featuredmedia":[{"embeddable":true,"href":"https:\/\/renovepro.com.ar\/index.php\/wp-json\/wp\/v2\/media\/4757"}],"wp:attachment":[{"href":"https:\/\/renovepro.com.ar\/index.php\/wp-json\/wp\/v2\/media?parent=2848"}],"wp:term":[{"taxonomy":"product_brand","embeddable":true,"href":"https:\/\/renovepro.com.ar\/index.php\/wp-json\/wp\/v2\/product_brand?post=2848"},{"taxonomy":"product_cat","embeddable":true,"href":"https:\/\/renovepro.com.ar\/index.php\/wp-json\/wp\/v2\/product_cat?post=2848"},{"taxonomy":"product_tag","embeddable":true,"href":"https:\/\/renovepro.com.ar\/index.php\/wp-json\/wp\/v2\/product_tag?post=2848"}],"curies":[{"name":"wp","href":"https:\/\/api.w.org\/{rel}","templated":true}]}}