{"id":2676,"date":"2022-11-19T23:18:44","date_gmt":"2022-11-19T23:18:44","guid":{"rendered":"http:\/\/renovepro.com.ar\/?post_type=product&#038;p=2676"},"modified":"2026-01-13T14:09:15","modified_gmt":"2026-01-13T14:09:15","slug":"mascara-capilar-reparadora-keratotal-bellissima-2","status":"publish","type":"product","link":"https:\/\/renovepro.com.ar\/index.php\/product\/mascara-capilar-reparadora-keratotal-bellissima-2\/","title":{"rendered":"MASCARA CAPILAR REPARADORA KERATOTAL &#8211; BELLISSIMA"},"content":{"rendered":"<p><strong>MASCARA CAPILAR REPARADORA KERATOTAL &#8211; BELLISSIMA<\/strong><\/p>\n<p>La Mascara Capilar Reparadora Keratotal contiene Keratina m\u00e1s d-pantenol, una potente combinaci\u00f3n para un doble efecto de deconstrucci\u00f3n \u00fanica. En una primer etapa, el pantenol penetra dentro de la fibra otorg\u00e1ndole nutrici\u00f3n, elasticidad y brillo. En una segunda etapa la keratina repara la fibra desde su interior y refuerza su superficie externa.<\/p>\n<p><strong>MODO DE USO: <\/strong>despu\u00e9s de lavar el cabello, aplicar masajeando los largos y las puntas. Intensificar la aplicaci\u00f3n en las zonas mas resecas y da\u00f1adas. Dejar actuar 3 minutos y enjuagar. Repita una o dos veces por semana, o las veces que considere necesario.<br \/>\nPara completar el tratamiento se recomienda utilizar una ampolla de recarga de keratina keratotal una vez por semana y utilizar serum keratotal durante el peinado o planchita.<\/p>\n<p><strong>CONT. NETO:<\/strong> 250g.<\/p>\n<div class=\"modo_empleo\">\n<div><strong>MEDIOS DE PAGO:<\/strong>\u00a0Pago por transferencia (Alias RENOVEPRO) &#8211; Mercado Pago &#8211; Tarjetas de cr\u00e9dito (Visa &#8211; MasterCard &#8211; American Express &#8211; Naranja &#8211; Banco Rioja) &#8211; Tarjetas de Debito (Cabal &#8211; Maestro &#8211; Visa &#8211; Banco Rioja) &#8211; GO Cuotas<\/div>\n<div><\/div>\n<\/div>\n<p><span class=\"text-accent\"><span class=\"x19la9d6 x1fc57z9 x6ikm8r x10wlt62 x19co3pv x1g5zs5t xfibh0p xiy17q3 x1xsqp64 x1lkfr7t xexx8yu x4uap5 x18d9i69 xkhd6sd\"><span class=\"xrtxmta x1bhl96m\">\ud83d\ude9b\u00a0<\/span><\/span><strong>ENVIO GRATIS<\/strong><\/span>\u00a0en la provincia de La Rioja,\u00a0<span class=\"js-shipping-minimum-label\">superando\u00a0<\/span><span class=\"js-shipping-minimum-label\">los $150.000,00. El envi\u00f3 para otras provincias ser\u00e1 por correo argentino o por transporte a convenir, a cargo del comprador.\u00a0<\/span><\/p>\n","protected":false},"excerpt":{"rendered":"<p>MASCARA CAPILAR REPARADORA KERATOTAL &#8211; BELLISSIMA La Mascara Capilar Reparadora Keratotal contiene Keratina m\u00e1s d-pantenol, una potente combinaci\u00f3n para un doble efecto de deconstrucci\u00f3n \u00fanica. En una primer etapa, el pantenol penetra<a class=\"moretag\" href=\"https:\/\/renovepro.com.ar\/index.php\/product\/mascara-capilar-reparadora-keratotal-bellissima-2\/\">Read More&#8230;<\/a><\/p>\n","protected":false},"featured_media":2677,"comment_status":"open","ping_status":"closed","template":"","meta":[],"product_brand":[],"product_cat":[58],"product_tag":[],"class_list":{"0":"post-2676","1":"product","2":"type-product","3":"status-publish","4":"has-post-thumbnail","6":"product_cat-mascaras-capilares","8":"first","9":"instock","10":"sale","11":"shipping-taxable","12":"purchasable","13":"product-type-simple"},"jetpack_sharing_enabled":true,"_links":{"self":[{"href":"https:\/\/renovepro.com.ar\/index.php\/wp-json\/wp\/v2\/product\/2676","targetHints":{"allow":["GET"]}}],"collection":[{"href":"https:\/\/renovepro.com.ar\/index.php\/wp-json\/wp\/v2\/product"}],"about":[{"href":"https:\/\/renovepro.com.ar\/index.php\/wp-json\/wp\/v2\/types\/product"}],"replies":[{"embeddable":true,"href":"https:\/\/renovepro.com.ar\/index.php\/wp-json\/wp\/v2\/comments?post=2676"}],"wp:featuredmedia":[{"embeddable":true,"href":"https:\/\/renovepro.com.ar\/index.php\/wp-json\/wp\/v2\/media\/2677"}],"wp:attachment":[{"href":"https:\/\/renovepro.com.ar\/index.php\/wp-json\/wp\/v2\/media?parent=2676"}],"wp:term":[{"taxonomy":"product_brand","embeddable":true,"href":"https:\/\/renovepro.com.ar\/index.php\/wp-json\/wp\/v2\/product_brand?post=2676"},{"taxonomy":"product_cat","embeddable":true,"href":"https:\/\/renovepro.com.ar\/index.php\/wp-json\/wp\/v2\/product_cat?post=2676"},{"taxonomy":"product_tag","embeddable":true,"href":"https:\/\/renovepro.com.ar\/index.php\/wp-json\/wp\/v2\/product_tag?post=2676"}],"curies":[{"name":"wp","href":"https:\/\/api.w.org\/{rel}","templated":true}]}}

<p><strong>MASCARA CAPILAR REPARADORA KERATOTAL &#8211; BELLISSIMA</strong></p>
<p>La Mascara Capilar Reparadora Keratotal contiene Keratina más d-pantenol, una potente combinación para un doble efecto de deconstrucción única. En una primer etapa, el pantenol penetra dentro de la fibra otorgándole nutrición, elasticidad y brillo. En una segunda etapa la keratina repara la fibra desde su interior y refuerza su superficie externa.</p>
<p><strong>MODO DE USO: </strong>después de lavar el cabello, aplicar masajeando los largos y las puntas. Intensificar la aplicación en las zonas mas resecas y dañadas. Dejar actuar 3 minutos y enjuagar. Repita una o dos veces por semana, o las veces que considere necesario.<br />
Para completar el tratamiento se recomienda utilizar una ampolla de recarga de keratina keratotal una vez por semana y utilizar serum keratotal durante el peinado o planchita.</p>
<p><strong>CONT. NETO:</strong> 250g.</p>
<div class="modo_empleo">
<div><strong>MEDIOS DE PAGO:</strong> Pago por transferencia (Alias RENOVEPRO) &#8211; Mercado Pago &#8211; Tarjetas de crédito (Visa &#8211; MasterCard &#8211; American Express &#8211; Naranja &#8211; Banco Rioja) &#8211; Tarjetas de Debito (Cabal &#8211; Maestro &#8211; Visa &#8211; Banco Rioja) &#8211; GO Cuotas</div>
<div></div>
</div>
<p><span class="text-accent"><span class="x19la9d6 x1fc57z9 x6ikm8r x10wlt62 x19co3pv x1g5zs5t xfibh0p xiy17q3 x1xsqp64 x1lkfr7t xexx8yu x4uap5 x18d9i69 xkhd6sd"><span class="xrtxmta x1bhl96m">🚛 </span></span><strong>ENVIO GRATIS</strong></span> en la provincia de La Rioja, <span class="js-shipping-minimum-label">superando </span><span class="js-shipping-minimum-label">los $150.000,00. El envió para otras provincias será por correo argentino o por transporte a convenir, a cargo del comprador. </span></p>

<p>MASCARA CAPILAR REPARADORA KERATOTAL &#8211; BELLISSIMA La Mascara Capilar Reparadora Keratotal contiene Keratina más d-pantenol, una potente combinación para un doble efecto de deconstrucción única. En una primer etapa, el pantenol penetra<a class="moretag" href="https://renovepro.com.ar/index.php/product/mascara-capilar-reparadora-keratotal-bellissima-2/">Read More&#8230;</a></p>
