{"id":2645,"date":"2022-11-19T19:26:18","date_gmt":"2022-11-19T19:26:18","guid":{"rendered":"http:\/\/renovepro.com.ar\/?post_type=product&#038;p=2645"},"modified":"2025-12-12T18:26:16","modified_gmt":"2025-12-12T18:26:16","slug":"mascara-capilar-reparadora-btx-bellissima","status":"publish","type":"product","link":"https:\/\/renovepro.com.ar\/index.php\/product\/mascara-capilar-reparadora-btx-bellissima\/","title":{"rendered":"MASCARA CAPILAR REPARADORA BTX &#8211; BELLISSIMA"},"content":{"rendered":"<p><strong>MASCARA CAPILAR REPARADORA BTX &#8211; BELLISSIMA<\/strong><\/p>\n<p>La Mascara Capilar Reparadora BTX es cuidada combinaci\u00f3n de Arginina. Keratina y \u00e1cido Hialur\u00f3nico otorgan a este tratamiento caracter\u00edsticas \u00fanicas. Las principales propiedades de este tratamiento son la restructuraci\u00f3n capilar, la nutrici\u00f3n y el fortalecimiento del cabello. Fortaleciendo desde su interior, la cabellera se re densifica y activa el brillo de la fibra capilar, haciendo que el cabello se vea m\u00e1s joven.<\/p>\n<p><strong>MODO DE USO: <\/strong>Despu\u00e9s de lavar el cabello, aplicar masajeando los largos y las puntas. Dejar actuar 10 minutos y enjuagar. Repita una o dos veces por semana el tratamiento, o las veces que considere necesario.<\/p>\n<p><strong>CONT. NETO:<\/strong> 250g.<\/p>\n<div class=\"modo_empleo\">\n<div><strong>MEDIOS DE PAGO:<\/strong>\u00a0Pago por transferencia (Alias RENOVEPRO) &#8211; Mercado Pago &#8211; Tarjetas de cr\u00e9dito (Visa &#8211; MasterCard &#8211; American Express &#8211; Naranja &#8211; Banco Rioja) &#8211; Tarjetas de Debito (Cabal &#8211; Maestro &#8211; Visa &#8211; Banco Rioja) &#8211; GO Cuotas<\/div>\n<div><\/div>\n<\/div>\n<p><span class=\"text-accent\"><span class=\"x19la9d6 x1fc57z9 x6ikm8r x10wlt62 x19co3pv x1g5zs5t xfibh0p xiy17q3 x1xsqp64 x1lkfr7t xexx8yu x4uap5 x18d9i69 xkhd6sd\"><span class=\"xrtxmta x1bhl96m\">\ud83d\ude9b\u00a0<\/span><\/span><strong>ENVIO GRATIS<\/strong><\/span>\u00a0en la provincia de La Rioja,\u00a0<span class=\"js-shipping-minimum-label\">superando\u00a0<\/span><span class=\"js-shipping-minimum-label\">los $150.000,00. El envi\u00f3 para otras provincias ser\u00e1 por correo argentino o por transporte a convenir, a cargo del comprador.\u00a0<\/span><\/p>\n<p>&nbsp;<\/p>\n","protected":false},"excerpt":{"rendered":"<p>MASCARA CAPILAR REPARADORA BTX &#8211; BELLISSIMA La Mascara Capilar Reparadora BTX es cuidada combinaci\u00f3n de Arginina. Keratina y \u00e1cido Hialur\u00f3nico otorgan a este tratamiento caracter\u00edsticas \u00fanicas. Las principales propiedades de este tratamiento<a class=\"moretag\" href=\"https:\/\/renovepro.com.ar\/index.php\/product\/mascara-capilar-reparadora-btx-bellissima\/\">Read More&#8230;<\/a><\/p>\n","protected":false},"featured_media":2646,"comment_status":"open","ping_status":"closed","template":"","meta":[],"product_brand":[],"product_cat":[58],"product_tag":[],"class_list":{"0":"post-2645","1":"product","2":"type-product","3":"status-publish","4":"has-post-thumbnail","6":"product_cat-mascaras-capilares","8":"first","9":"instock","10":"sale","11":"shipping-taxable","12":"purchasable","13":"product-type-simple"},"jetpack_sharing_enabled":true,"_links":{"self":[{"href":"https:\/\/renovepro.com.ar\/index.php\/wp-json\/wp\/v2\/product\/2645","targetHints":{"allow":["GET"]}}],"collection":[{"href":"https:\/\/renovepro.com.ar\/index.php\/wp-json\/wp\/v2\/product"}],"about":[{"href":"https:\/\/renovepro.com.ar\/index.php\/wp-json\/wp\/v2\/types\/product"}],"replies":[{"embeddable":true,"href":"https:\/\/renovepro.com.ar\/index.php\/wp-json\/wp\/v2\/comments?post=2645"}],"wp:featuredmedia":[{"embeddable":true,"href":"https:\/\/renovepro.com.ar\/index.php\/wp-json\/wp\/v2\/media\/2646"}],"wp:attachment":[{"href":"https:\/\/renovepro.com.ar\/index.php\/wp-json\/wp\/v2\/media?parent=2645"}],"wp:term":[{"taxonomy":"product_brand","embeddable":true,"href":"https:\/\/renovepro.com.ar\/index.php\/wp-json\/wp\/v2\/product_brand?post=2645"},{"taxonomy":"product_cat","embeddable":true,"href":"https:\/\/renovepro.com.ar\/index.php\/wp-json\/wp\/v2\/product_cat?post=2645"},{"taxonomy":"product_tag","embeddable":true,"href":"https:\/\/renovepro.com.ar\/index.php\/wp-json\/wp\/v2\/product_tag?post=2645"}],"curies":[{"name":"wp","href":"https:\/\/api.w.org\/{rel}","templated":true}]}}

<p><strong>MASCARA CAPILAR REPARADORA BTX &#8211; BELLISSIMA</strong></p>
<p>La Mascara Capilar Reparadora BTX es cuidada combinación de Arginina. Keratina y ácido Hialurónico otorgan a este tratamiento características únicas. Las principales propiedades de este tratamiento son la restructuración capilar, la nutrición y el fortalecimiento del cabello. Fortaleciendo desde su interior, la cabellera se re densifica y activa el brillo de la fibra capilar, haciendo que el cabello se vea más joven.</p>
<p><strong>MODO DE USO: </strong>Después de lavar el cabello, aplicar masajeando los largos y las puntas. Dejar actuar 10 minutos y enjuagar. Repita una o dos veces por semana el tratamiento, o las veces que considere necesario.</p>
<p><strong>CONT. NETO:</strong> 250g.</p>
<div class="modo_empleo">
<div><strong>MEDIOS DE PAGO:</strong> Pago por transferencia (Alias RENOVEPRO) &#8211; Mercado Pago &#8211; Tarjetas de crédito (Visa &#8211; MasterCard &#8211; American Express &#8211; Naranja &#8211; Banco Rioja) &#8211; Tarjetas de Debito (Cabal &#8211; Maestro &#8211; Visa &#8211; Banco Rioja) &#8211; GO Cuotas</div>
<div></div>
</div>
<p><span class="text-accent"><span class="x19la9d6 x1fc57z9 x6ikm8r x10wlt62 x19co3pv x1g5zs5t xfibh0p xiy17q3 x1xsqp64 x1lkfr7t xexx8yu x4uap5 x18d9i69 xkhd6sd"><span class="xrtxmta x1bhl96m">🚛 </span></span><strong>ENVIO GRATIS</strong></span> en la provincia de La Rioja, <span class="js-shipping-minimum-label">superando </span><span class="js-shipping-minimum-label">los $150.000,00. El envió para otras provincias será por correo argentino o por transporte a convenir, a cargo del comprador. </span></p>
<p>&nbsp;</p>

<p>MASCARA CAPILAR REPARADORA BTX &#8211; BELLISSIMA La Mascara Capilar Reparadora BTX es cuidada combinación de Arginina. Keratina y ácido Hialurónico otorgan a este tratamiento características únicas. Las principales propiedades de este tratamiento<a class="moretag" href="https://renovepro.com.ar/index.php/product/mascara-capilar-reparadora-btx-bellissima/">Read More&#8230;</a></p>
