{"id":2598,"date":"2022-11-18T22:51:30","date_gmt":"2022-11-18T22:51:30","guid":{"rendered":"http:\/\/renovepro.com.ar\/?post_type=product&#038;p=2598"},"modified":"2025-10-27T19:33:44","modified_gmt":"2025-10-27T19:33:44","slug":"mascarilla-capilar-reparacion-profunda-bellissima","status":"publish","type":"product","link":"https:\/\/renovepro.com.ar\/index.php\/product\/mascarilla-capilar-reparacion-profunda-bellissima\/","title":{"rendered":"MASCARILLA CAPILAR REPARACION PROFUNDA &#8211; BELLISSIMA"},"content":{"rendered":"<p><strong>MASCARILLA CAPILAR REPARACION PROFUNDA &#8211; BELLISSIMA<\/strong><\/p>\n<p>La Mascarilla Capilar Reparaci\u00f3n Profunda aporta nutrientes y antioxidantes gracias a su formula compuesta por los aceites de arg\u00e1n y macadamia. Otorga brillo, suavidad, restauraci\u00f3n y protecci\u00f3n a todo tipo de cabellos.<\/p>\n<p><strong>MODO DE USO: <\/strong>luego de lavar con shampoo, aplicar una cantidad generosa de la mascarilla sobre todo el cabello. Dejar que penetre durante 5 a 7 minutos, enjuagar y peinar.<\/p>\n<p><strong>CONT. NETO:<\/strong> 20g.<\/p>\n<div class=\"modo_empleo\">\n<div><strong>MEDIOS DE PAGO:<\/strong>\u00a0Pago por transferencia (Alias RENOVEPRO) &#8211; Mercado Pago &#8211; Tarjetas de cr\u00e9dito (Visa &#8211; MasterCard &#8211; American Express &#8211; Naranja &#8211; Banco Rioja) &#8211; Tarjetas de Debito (Cabal &#8211; Maestro &#8211; Visa &#8211; Banco Rioja) &#8211; GO Cuotas<\/div>\n<div><\/div>\n<\/div>\n<p><span class=\"text-accent\"><span class=\"x19la9d6 x1fc57z9 x6ikm8r x10wlt62 x19co3pv x1g5zs5t xfibh0p xiy17q3 x1xsqp64 x1lkfr7t xexx8yu x4uap5 x18d9i69 xkhd6sd\"><span class=\"xrtxmta x1bhl96m\">\ud83d\ude9b\u00a0<\/span><\/span><strong>ENVIO GRATIS<\/strong><\/span>\u00a0en la provincia de La Rioja,\u00a0<span class=\"js-shipping-minimum-label\">superando\u00a0<\/span><span class=\"js-shipping-minimum-label\">los $150.000,00. El envi\u00f3 para otras provincias ser\u00e1 por correo argentino o por transporte a convenir, a cargo del comprador.\u00a0<\/span><\/p>\n<p>&nbsp;<\/p>\n","protected":false},"excerpt":{"rendered":"<p>MASCARILLA CAPILAR REPARACION PROFUNDA &#8211; BELLISSIMA La Mascarilla Capilar Reparaci\u00f3n Profunda aporta nutrientes y antioxidantes gracias a su formula compuesta por los aceites de arg\u00e1n y macadamia. Otorga brillo, suavidad, restauraci\u00f3n y<a class=\"moretag\" href=\"https:\/\/renovepro.com.ar\/index.php\/product\/mascarilla-capilar-reparacion-profunda-bellissima\/\">Read More&#8230;<\/a><\/p>\n","protected":false},"featured_media":2600,"comment_status":"open","ping_status":"closed","template":"","meta":[],"product_brand":[],"product_cat":[58],"product_tag":[],"class_list":{"0":"post-2598","1":"product","2":"type-product","3":"status-publish","4":"has-post-thumbnail","6":"product_cat-mascaras-capilares","8":"first","9":"instock","10":"sale","11":"shipping-taxable","12":"purchasable","13":"product-type-simple"},"jetpack_sharing_enabled":true,"_links":{"self":[{"href":"https:\/\/renovepro.com.ar\/index.php\/wp-json\/wp\/v2\/product\/2598","targetHints":{"allow":["GET"]}}],"collection":[{"href":"https:\/\/renovepro.com.ar\/index.php\/wp-json\/wp\/v2\/product"}],"about":[{"href":"https:\/\/renovepro.com.ar\/index.php\/wp-json\/wp\/v2\/types\/product"}],"replies":[{"embeddable":true,"href":"https:\/\/renovepro.com.ar\/index.php\/wp-json\/wp\/v2\/comments?post=2598"}],"wp:featuredmedia":[{"embeddable":true,"href":"https:\/\/renovepro.com.ar\/index.php\/wp-json\/wp\/v2\/media\/2600"}],"wp:attachment":[{"href":"https:\/\/renovepro.com.ar\/index.php\/wp-json\/wp\/v2\/media?parent=2598"}],"wp:term":[{"taxonomy":"product_brand","embeddable":true,"href":"https:\/\/renovepro.com.ar\/index.php\/wp-json\/wp\/v2\/product_brand?post=2598"},{"taxonomy":"product_cat","embeddable":true,"href":"https:\/\/renovepro.com.ar\/index.php\/wp-json\/wp\/v2\/product_cat?post=2598"},{"taxonomy":"product_tag","embeddable":true,"href":"https:\/\/renovepro.com.ar\/index.php\/wp-json\/wp\/v2\/product_tag?post=2598"}],"curies":[{"name":"wp","href":"https:\/\/api.w.org\/{rel}","templated":true}]}}