{"id":2509,"date":"2022-10-26T18:04:36","date_gmt":"2022-10-26T18:04:36","guid":{"rendered":"http:\/\/renovepro.com.ar\/?post_type=product&#038;p=2509"},"modified":"2026-01-13T14:15:55","modified_gmt":"2026-01-13T14:15:55","slug":"keratina-advanced-max-hair-pro","status":"publish","type":"product","link":"https:\/\/renovepro.com.ar\/index.php\/product\/keratina-advanced-max-hair-pro\/","title":{"rendered":"KERATINA ADVANCED MAX &#8211; HAIR PRO"},"content":{"rendered":"<p><strong>KERATINA ADVANCED MAX &#8211; HAIR PRO<\/strong><\/p>\n<p>La Keratina Advanced Max Hair Pro es formulada con keratina, silicona y aceite de coco, aporta brillo y suavidad al cabello, dej\u00e1ndolo ordenado con un efecto restaurador.<\/p>\n<p><strong>MODO DE USO:<\/strong> Aplicar sobre el cabello h\u00famedo luego de haber lavado con shampoo neutro, sin acondicionador. Dejar actuar 15 minutos, luego secar el cabello y proceder a pasar plancha mecha por mecha de 15 a 20 veces. Enjuagar es opcional.<\/p>\n<p><strong>ADVERTENCIAS:<\/strong> No aplicar sobre el cuero cabelludo. Evite el contacto con los ojos, si esto ocurre enjuagar con abundante agua fr\u00eda. Producto de uso externo. No ingerir. Mantener fuera del alcance de los ni\u00f1os. Ante signos de irritaci\u00f3n suspenda su uso y visite a su m\u00e9dico. Agitar antes de usar.<\/p>\n<p><strong>CONT. NETO:<\/strong> 1000ml.<\/p>\n<div class=\"modo_empleo\">\n<div><strong>MEDIOS DE PAGO:<\/strong>\u00a0Pago por transferencia (Alias RENOVEPRO) &#8211; Mercado Pago &#8211; Tarjetas de cr\u00e9dito (Visa &#8211; MasterCard &#8211; American Express &#8211; Naranja &#8211; Banco Rioja) &#8211; Tarjetas de Debito (Cabal &#8211; Maestro &#8211; Visa &#8211; Banco Rioja) &#8211; GO Cuotas<\/div>\n<div><\/div>\n<\/div>\n<p><span class=\"text-accent\"><span class=\"x19la9d6 x1fc57z9 x6ikm8r x10wlt62 x19co3pv x1g5zs5t xfibh0p xiy17q3 x1xsqp64 x1lkfr7t xexx8yu x4uap5 x18d9i69 xkhd6sd\"><span class=\"xrtxmta x1bhl96m\">\ud83d\ude9b\u00a0<\/span><\/span><strong>ENVIO GRATIS<\/strong><\/span>\u00a0en la provincia de La Rioja,\u00a0<span class=\"js-shipping-minimum-label\">superando\u00a0<\/span><span class=\"js-shipping-minimum-label\">los $150.000,00. El envi\u00f3 para otras provincias ser\u00e1 por correo argentino o por transporte a convenir, a cargo del comprador.\u00a0<\/span><\/p>\n","protected":false},"excerpt":{"rendered":"<p>KERATINA ADVANCED MAX &#8211; HAIR PRO La Keratina Advanced Max Hair Pro es formulada con keratina, silicona y aceite de coco, aporta brillo y suavidad al cabello, dej\u00e1ndolo ordenado con un efecto<a class=\"moretag\" href=\"https:\/\/renovepro.com.ar\/index.php\/product\/keratina-advanced-max-hair-pro\/\">Read More&#8230;<\/a><\/p>\n","protected":false},"featured_media":3747,"comment_status":"open","ping_status":"closed","template":"","meta":[],"product_brand":[],"product_cat":[242],"product_tag":[],"class_list":{"0":"post-2509","1":"product","2":"type-product","3":"status-publish","4":"has-post-thumbnail","6":"product_cat-tratamiento-capilares-antifrizz","8":"first","9":"instock","10":"sale","11":"shipping-taxable","12":"purchasable","13":"product-type-simple"},"jetpack_sharing_enabled":true,"_links":{"self":[{"href":"https:\/\/renovepro.com.ar\/index.php\/wp-json\/wp\/v2\/product\/2509","targetHints":{"allow":["GET"]}}],"collection":[{"href":"https:\/\/renovepro.com.ar\/index.php\/wp-json\/wp\/v2\/product"}],"about":[{"href":"https:\/\/renovepro.com.ar\/index.php\/wp-json\/wp\/v2\/types\/product"}],"replies":[{"embeddable":true,"href":"https:\/\/renovepro.com.ar\/index.php\/wp-json\/wp\/v2\/comments?post=2509"}],"wp:featuredmedia":[{"embeddable":true,"href":"https:\/\/renovepro.com.ar\/index.php\/wp-json\/wp\/v2\/media\/3747"}],"wp:attachment":[{"href":"https:\/\/renovepro.com.ar\/index.php\/wp-json\/wp\/v2\/media?parent=2509"}],"wp:term":[{"taxonomy":"product_brand","embeddable":true,"href":"https:\/\/renovepro.com.ar\/index.php\/wp-json\/wp\/v2\/product_brand?post=2509"},{"taxonomy":"product_cat","embeddable":true,"href":"https:\/\/renovepro.com.ar\/index.php\/wp-json\/wp\/v2\/product_cat?post=2509"},{"taxonomy":"product_tag","embeddable":true,"href":"https:\/\/renovepro.com.ar\/index.php\/wp-json\/wp\/v2\/product_tag?post=2509"}],"curies":[{"name":"wp","href":"https:\/\/api.w.org\/{rel}","templated":true}]}}