{"id":2165,"date":"2022-09-30T22:13:29","date_gmt":"2022-09-30T22:13:29","guid":{"rendered":"http:\/\/renovepro.com.ar\/?post_type=product&#038;p=2165"},"modified":"2026-02-10T16:13:34","modified_gmt":"2026-02-10T16:13:34","slug":"shampoo-argan-fidelite-2","status":"publish","type":"product","link":"https:\/\/renovepro.com.ar\/index.php\/product\/shampoo-argan-fidelite-2\/","title":{"rendered":"SHAMPOO ARGAN &#8211; FIDELITE"},"content":{"rendered":"<p><strong>SHAMPOO ARGAN &#8211; FIDELITE<\/strong><\/p>\n<p>Es un tratamiento capilar anti-age con aceite virgen de Arg\u00e1n para todo tipo de cabellos. Combate el envejecimiento capilar y el frizz. Aporta hidrataci\u00f3n profunda y nutrici\u00f3n intensa al cabello. Proporciona un incre\u00edble brillo instant\u00e1neo. Gran poder desenredante. Contiene filtro UV que protege al cabello de los rayos ultravioleta.<\/p>\n<div class=\"modo_empleo\">\n<div class=\"etiqueta\"><strong>MODO DE USO<\/strong>: Aplicar una peque\u00f1a cantidad sobre el cabello mojado. Masajear con la yema de los dedos hasta esparcir el producto por toda la cabellera. Dejar actuar al menos 1 minuto y enjuagar con abundante agua.<\/div>\n<div><\/div>\n<div class=\"texto\"><\/div>\n<\/div>\n<p><strong>CONT. NETO:<\/strong> 900ml.<\/p>\n<div class=\"modo_empleo\">\n<div><strong>MEDIOS DE PAGO:<\/strong> Pago por transferencia (Alias RENOVEPRO) &#8211; Mercado Pago &#8211; Tarjetas de cr\u00e9dito (Visa &#8211; MasterCard &#8211; American Express &#8211; Naranja &#8211; Banco Rioja) &#8211; Tarjetas de Debito (Cabal &#8211; Maestro &#8211; Visa &#8211; Banco Rioja) &#8211; GO Cuotas<\/div>\n<div><\/div>\n<\/div>\n<p><span class=\"text-accent\"><span class=\"x19la9d6 x1fc57z9 x6ikm8r x10wlt62 x19co3pv x1g5zs5t xfibh0p xiy17q3 x1xsqp64 x1lkfr7t xexx8yu x4uap5 x18d9i69 xkhd6sd\"><span class=\"xrtxmta x1bhl96m\">\ud83d\ude9b <\/span><\/span><strong>ENVIO GRATIS<\/strong><\/span>\u00a0en la provincia de La Rioja, <span class=\"js-shipping-minimum-label\">superando <\/span><span class=\"js-shipping-minimum-label\">los $150.000,00. El envi\u00f3 para otras provincias ser\u00e1 por correo argentino o por transporte a convenir, a cargo del comprador.<\/span><\/p>\n<p>&nbsp;<\/p>\n","protected":false},"excerpt":{"rendered":"<p>SHAMPOO ARGAN &#8211; FIDELITE Es un tratamiento capilar anti-age con aceite virgen de Arg\u00e1n para todo tipo de cabellos. Combate el envejecimiento capilar y el frizz. Aporta hidrataci\u00f3n profunda y nutrici\u00f3n intensa<a class=\"moretag\" href=\"https:\/\/renovepro.com.ar\/index.php\/product\/shampoo-argan-fidelite-2\/\">Read More&#8230;<\/a><\/p>\n","protected":false},"featured_media":2166,"comment_status":"open","ping_status":"closed","template":"","meta":[],"product_brand":[],"product_cat":[60],"product_tag":[],"class_list":{"0":"post-2165","1":"product","2":"type-product","3":"status-publish","4":"has-post-thumbnail","6":"product_cat-shampoo-acondicionador","8":"first","9":"instock","10":"sale","11":"shipping-taxable","12":"purchasable","13":"product-type-simple"},"jetpack_sharing_enabled":true,"_links":{"self":[{"href":"https:\/\/renovepro.com.ar\/index.php\/wp-json\/wp\/v2\/product\/2165","targetHints":{"allow":["GET"]}}],"collection":[{"href":"https:\/\/renovepro.com.ar\/index.php\/wp-json\/wp\/v2\/product"}],"about":[{"href":"https:\/\/renovepro.com.ar\/index.php\/wp-json\/wp\/v2\/types\/product"}],"replies":[{"embeddable":true,"href":"https:\/\/renovepro.com.ar\/index.php\/wp-json\/wp\/v2\/comments?post=2165"}],"wp:featuredmedia":[{"embeddable":true,"href":"https:\/\/renovepro.com.ar\/index.php\/wp-json\/wp\/v2\/media\/2166"}],"wp:attachment":[{"href":"https:\/\/renovepro.com.ar\/index.php\/wp-json\/wp\/v2\/media?parent=2165"}],"wp:term":[{"taxonomy":"product_brand","embeddable":true,"href":"https:\/\/renovepro.com.ar\/index.php\/wp-json\/wp\/v2\/product_brand?post=2165"},{"taxonomy":"product_cat","embeddable":true,"href":"https:\/\/renovepro.com.ar\/index.php\/wp-json\/wp\/v2\/product_cat?post=2165"},{"taxonomy":"product_tag","embeddable":true,"href":"https:\/\/renovepro.com.ar\/index.php\/wp-json\/wp\/v2\/product_tag?post=2165"}],"curies":[{"name":"wp","href":"https:\/\/api.w.org\/{rel}","templated":true}]}}