{"id":1956,"date":"2022-09-28T18:00:41","date_gmt":"2022-09-28T18:00:41","guid":{"rendered":"http:\/\/renovepro.com.ar\/?post_type=product&#038;p=1956"},"modified":"2025-10-28T15:19:27","modified_gmt":"2025-10-28T15:19:27","slug":"tratamiento-capilar-keratina-y-argan-frilayp-2","status":"publish","type":"product","link":"https:\/\/renovepro.com.ar\/index.php\/product\/tratamiento-capilar-keratina-y-argan-frilayp-2\/","title":{"rendered":"TRATAMIENTO CAPILAR KERATINA y ARGAN &#8211; FRILAYP"},"content":{"rendered":"<p><strong>TRATAMIENTO CAPILAR KERATINA y ARGAN &#8211; FRILAYP<br \/>\n<\/strong><\/p>\n<p>El Tratamiento Capilar Keratina y Arg\u00e1n Frilayp, otorga mediante sus exclusivos activos una restructuraci\u00f3n de la superficie capilar, mejorando de manera inmediata su aspecto. Mediante los amino\u00e1cidos de la Keratina se obtiene la hidrataci\u00f3n que el cabello necesita para luego, mediante las propiedades film\u00f3ginas del Arg\u00e1n, restituir su superficie. Aporta brillo y suavidad.<\/p>\n<p><strong>MODO DE USO<\/strong>: Despu\u00e9s del shampoo, enjuagar con abundante agua. Distribuir el producto por todo el cabello, con suaves masajes. Dejar actuar durante 10 minutos y luego enjuagar con abundante agua.<\/p>\n<div class=\"modo_empleo\">\n<div class=\"texto\"><\/div>\n<\/div>\n<p><strong>CON<\/strong><strong>T. NETO:<\/strong> 1000g.<\/p>\n<p><strong>MEDIOS DE PAGO:<\/strong>\u00a0Pago por transferencia (Alias RENOVEPRO) &#8211; Mercado Pago &#8211; Tarjetas de cr\u00e9dito (Visa &#8211; MasterCard &#8211; American Express &#8211; Naranja &#8211; Banco Rioja) &#8211; Tarjetas de Debito (Cabal &#8211; Maestro &#8211; Visa &#8211; Banco Rioja) &#8211; GO Cuotas<\/p>\n<p><span class=\"text-accent\"><span class=\"x19la9d6 x1fc57z9 x6ikm8r x10wlt62 x19co3pv x1g5zs5t xfibh0p xiy17q3 x1xsqp64 x1lkfr7t xexx8yu x4uap5 x18d9i69 xkhd6sd\"><span class=\"xrtxmta x1bhl96m\">\ud83d\ude9b\u00a0<\/span><\/span><strong>ENVIO GRATIS<\/strong><\/span>\u00a0en la provincia de La Rioja,\u00a0<span class=\"js-shipping-minimum-label\">superando\u00a0<\/span><span class=\"js-shipping-minimum-label\">los $150.000,00. El envi\u00f3 para otras provincias ser\u00e1 por correo argentino o por transporte a convenir, a cargo del comprador.<\/span><\/p>\n","protected":false},"excerpt":{"rendered":"<p>TRATAMIENTO CAPILAR KERATINA y ARGAN &#8211; FRILAYP El Tratamiento Capilar Keratina y Arg\u00e1n Frilayp, otorga mediante sus exclusivos activos una restructuraci\u00f3n de la superficie capilar, mejorando de manera inmediata su aspecto. Mediante<a class=\"moretag\" href=\"https:\/\/renovepro.com.ar\/index.php\/product\/tratamiento-capilar-keratina-y-argan-frilayp-2\/\">Read More&#8230;<\/a><\/p>\n","protected":false},"featured_media":3827,"comment_status":"open","ping_status":"closed","template":"","meta":[],"product_brand":[],"product_cat":[58],"product_tag":[],"class_list":{"0":"post-1956","1":"product","2":"type-product","3":"status-publish","4":"has-post-thumbnail","6":"product_cat-mascaras-capilares","8":"first","9":"instock","10":"sale","11":"shipping-taxable","12":"purchasable","13":"product-type-simple"},"jetpack_sharing_enabled":true,"_links":{"self":[{"href":"https:\/\/renovepro.com.ar\/index.php\/wp-json\/wp\/v2\/product\/1956","targetHints":{"allow":["GET"]}}],"collection":[{"href":"https:\/\/renovepro.com.ar\/index.php\/wp-json\/wp\/v2\/product"}],"about":[{"href":"https:\/\/renovepro.com.ar\/index.php\/wp-json\/wp\/v2\/types\/product"}],"replies":[{"embeddable":true,"href":"https:\/\/renovepro.com.ar\/index.php\/wp-json\/wp\/v2\/comments?post=1956"}],"wp:featuredmedia":[{"embeddable":true,"href":"https:\/\/renovepro.com.ar\/index.php\/wp-json\/wp\/v2\/media\/3827"}],"wp:attachment":[{"href":"https:\/\/renovepro.com.ar\/index.php\/wp-json\/wp\/v2\/media?parent=1956"}],"wp:term":[{"taxonomy":"product_brand","embeddable":true,"href":"https:\/\/renovepro.com.ar\/index.php\/wp-json\/wp\/v2\/product_brand?post=1956"},{"taxonomy":"product_cat","embeddable":true,"href":"https:\/\/renovepro.com.ar\/index.php\/wp-json\/wp\/v2\/product_cat?post=1956"},{"taxonomy":"product_tag","embeddable":true,"href":"https:\/\/renovepro.com.ar\/index.php\/wp-json\/wp\/v2\/product_tag?post=1956"}],"curies":[{"name":"wp","href":"https:\/\/api.w.org\/{rel}","templated":true}]}}